{"id":2,"date":"2017-11-15T13:51:59","date_gmt":"2017-11-15T12:51:59","guid":{"rendered":"http:\/\/babinek.chd.at\/?page_id=2"},"modified":"2023-11-01T11:57:25","modified_gmt":"2023-11-01T10:57:25","slug":"ordinationszeiten","status":"publish","type":"page","link":"https:\/\/www.babinek.at\/?page_id=2","title":{"rendered":"Ordinationszeiten"},"content":{"rendered":"<p style=\"text-align: center;\"><strong>Ordinationszeiten und wichtige Informationen<\/strong><\/p>\n<p><strong><u>Ordinationszeiten<\/u><\/strong><\/p>\n<h4><strong>Aufgrund der Corona-Krise wird derzeit eine reine Terminambulanz abgehalten. Bitte Kontakt aufnehmen bez\u00fcglich eines Termins.<\/strong><\/h4>\n<p><strong><u>Notf\u00e4lle<\/u><\/strong><\/p>\n<p>In Notf\u00e4llen k\u00f6nnen Sie von 0 \u2013 24 Uhr anrufen, nach <strong>telefonischer Absprache<\/strong> k\u00f6nnen Sie zu mir in die Ordination kommen, oder ich kann einen Hausbesuch bei Ihnen machen.<\/p>\n<p><strong><u>Pferdevisiten Kleintierordination und Operationstermine, nach telefonischer Absprache<\/u><\/strong><\/p>\n<p>Montag &#8211; Freitag von 07\u2013 19 Uhr<br \/>\nReine Terminordination<\/p>\n<p>Ausschlie\u00dflich nach pers\u00f6nlicher Terminvergabe per Anruf oder \u00fcber Terminbuchungskalender &#8211; bitte unbedingt auf die <strong>Terminbest\u00e4tigung <\/strong>abwarten<strong>.<\/strong><\/p>\n","protected":false},"excerpt":{"rendered":"<p>Ordinationszeiten und wichtige Informationen Ordinationszeiten Aufgrund der Corona-Krise wird derzeit eine reine Terminambulanz abgehalten. Bitte Kontakt aufnehmen bez\u00fcglich eines Termins. Notf\u00e4lle In Notf\u00e4llen k\u00f6nnen Sie von 0 \u2013 24 Uhr anrufen, nach telefonischer Absprache k\u00f6nnen Sie zu mir in die Ordination kommen, oder ich kann einen Hausbesuch bei Ihnen machen. Pferdevisiten Kleintierordination und Operationstermine, nach &hellip; <\/p>\n<p class=\"link-more\"><a href=\"https:\/\/www.babinek.at\/?page_id=2\" class=\"more-link\"><span class=\"screen-reader-text\">\u201eOrdinationszeiten\u201c<\/span> weiterlesen<\/a><\/p>\n","protected":false},"author":1,"featured_media":0,"parent":0,"menu_order":0,"comment_status":"closed","ping_status":"closed","template":"","meta":[],"_links":{"self":[{"href":"https:\/\/www.babinek.at\/index.php?rest_route=\/wp\/v2\/pages\/2"}],"collection":[{"href":"https:\/\/www.babinek.at\/index.php?rest_route=\/wp\/v2\/pages"}],"about":[{"href":"https:\/\/www.babinek.at\/index.php?rest_route=\/wp\/v2\/types\/page"}],"author":[{"embeddable":true,"href":"https:\/\/www.babinek.at\/index.php?rest_route=\/wp\/v2\/users\/1"}],"replies":[{"embeddable":true,"href":"https:\/\/www.babinek.at\/index.php?rest_route=%2Fwp%2Fv2%2Fcomments&post=2"}],"version-history":[{"count":15,"href":"https:\/\/www.babinek.at\/index.php?rest_route=\/wp\/v2\/pages\/2\/revisions"}],"predecessor-version":[{"id":226,"href":"https:\/\/www.babinek.at\/index.php?rest_route=\/wp\/v2\/pages\/2\/revisions\/226"}],"wp:attachment":[{"href":"https:\/\/www.babinek.at\/index.php?rest_route=%2Fwp%2Fv2%2Fmedia&parent=2"}],"curies":[{"name":"wp","href":"https:\/\/api.w.org\/{rel}","templated":true}]}}