{"id":64,"date":"2017-11-16T14:11:41","date_gmt":"2017-11-16T13:11:41","guid":{"rendered":"http:\/\/babinek.chd.at\/?page_id=64"},"modified":"2020-10-16T09:34:58","modified_gmt":"2020-10-16T07:34:58","slug":"test","status":"publish","type":"page","link":"https:\/\/www.babinek.at\/","title":{"rendered":"Leistungen"},"content":{"rendered":"\n<h2 style=\"text-align: center;\"><strong><u>Leistungen und Service<\/u><\/strong><\/h2>\n<p>Die Erhaltung der Gesundheit und das Wohlergehen jedes einzelnen Tieres liegt uns sehr am Herzen. Wir sind bem\u00fcht, unseren Patienten eine umfassende Betreuung zu bieten.<\/p>\n<div class=\"col\"><div class=\"col-md-6\">\n<p><strong><u>Kleintiere:<\/u><\/strong><\/p>\n<p><\/p>\n<p>Hauseigenes Labor<\/p>\n<p>Labor extern<\/p>\n<p>Zahnbehandlungen<\/p>\n<p>Internistische Notf\u00e4lle<\/p>\n\n<p>Chirurgische Notf\u00e4lle<\/p>\n<p>Verletzungen aller Art<\/p>\n<p>Weichteilchirurgie<\/p>\n<p>Kastrationen<\/p>\n\n<p>Gesundenuntersuchung<\/p>\n<p>Welpenuntersuchung<\/p>\n<p>Ern\u00e4hrungsberatung<\/p>\n<p>Wildtierversorgung<\/p>\n<p>Streunerkatzenkastration<\/p> \n<p>HAUSAPOTHEKE<\/p>\n<p>Impfberatung<\/p>\n<p>Impftiterkontrolle<\/p>\n<p>Impfungen<\/p>\n<p>Chip und Registrierung<\/p>\n<p>EU Impfpass<\/p>\n\n<\/div><div class=\"col-md-6\">\n<p><strong><u>Pferde:<\/u><\/strong><\/p>\n<p>Koliknotdienst<\/p>\n<p>Hauseigenes Labor<\/p>\n<p>Zahnbehandlungen<\/p>\n<p>Chir Versorgung von Koppelverletzungen<\/p>\n<p>Hengstkastration im Stall im Liegen<\/p>\n<p>Impftiterkontrolle f\u00fcr Tetanus<\/p>\n<p>Impfungen<\/p>\n<p>Equidenpass<\/p>\n<p>Selektive zeitgem\u00e4\u00dfe Entwurmung<\/p>\n<p>Beratung und Betreuung bei KPU EMS und Cushing<\/p>\n<p>Beratung und Betreuung bei Hufrehe und COPD<\/p>\n<p>HAUSAPOTHEKE<\/p><p>\n<\/div><\/div>\n\n\n\n<figure class=\"wp-block-image size-large is-resized\"><img decoding=\"async\" loading=\"lazy\" src=\"http:\/\/www.babinek.at\/wp-content\/uploads\/2019\/02\/katze-beratung-beetreuung-2.jpg\" alt=\"\" class=\"wp-image-135\" width=\"427\" height=\"427\" srcset=\"https:\/\/www.babinek.at\/wp-content\/uploads\/2019\/02\/katze-beratung-beetreuung-2.jpg 800w, https:\/\/www.babinek.at\/wp-content\/uploads\/2019\/02\/katze-beratung-beetreuung-2-150x150.jpg 150w, https:\/\/www.babinek.at\/wp-content\/uploads\/2019\/02\/katze-beratung-beetreuung-2-300x300.jpg 300w, https:\/\/www.babinek.at\/wp-content\/uploads\/2019\/02\/katze-beratung-beetreuung-2-768x768.jpg 768w\" sizes=\"(max-width: 427px) 100vw, 427px\" \/><figcaption>Bilder Gallerie<\/figcaption><\/figure>\n","protected":false},"excerpt":{"rendered":"<p>Leistungen und Service Die Erhaltung der Gesundheit und das Wohlergehen jedes einzelnen Tieres liegt uns sehr am Herzen. Wir sind bem\u00fcht, unseren Patienten eine umfassende Betreuung zu bieten. Kleintiere: Hauseigenes Labor Labor extern Zahnbehandlungen Internistische Notf\u00e4lle Chirurgische Notf\u00e4lle Verletzungen aller Art Weichteilchirurgie Kastrationen Gesundenuntersuchung Welpenuntersuchung Ern\u00e4hrungsberatung Wildtierversorgung Streunerkatzenkastration HAUSAPOTHEKE Impfberatung Impftiterkontrolle Impfungen Chip und Registrierung &hellip; <\/p>\n<p class=\"link-more\"><a href=\"https:\/\/www.babinek.at\/\" class=\"more-link\"><span class=\"screen-reader-text\">\u201eLeistungen\u201c<\/span> weiterlesen<\/a><\/p>\n","protected":false},"author":1,"featured_media":0,"parent":0,"menu_order":0,"comment_status":"closed","ping_status":"closed","template":"","meta":[],"_links":{"self":[{"href":"https:\/\/www.babinek.at\/index.php?rest_route=\/wp\/v2\/pages\/64"}],"collection":[{"href":"https:\/\/www.babinek.at\/index.php?rest_route=\/wp\/v2\/pages"}],"about":[{"href":"https:\/\/www.babinek.at\/index.php?rest_route=\/wp\/v2\/types\/page"}],"author":[{"embeddable":true,"href":"https:\/\/www.babinek.at\/index.php?rest_route=\/wp\/v2\/users\/1"}],"replies":[{"embeddable":true,"href":"https:\/\/www.babinek.at\/index.php?rest_route=%2Fwp%2Fv2%2Fcomments&post=64"}],"version-history":[{"count":17,"href":"https:\/\/www.babinek.at\/index.php?rest_route=\/wp\/v2\/pages\/64\/revisions"}],"predecessor-version":[{"id":196,"href":"https:\/\/www.babinek.at\/index.php?rest_route=\/wp\/v2\/pages\/64\/revisions\/196"}],"wp:attachment":[{"href":"https:\/\/www.babinek.at\/index.php?rest_route=%2Fwp%2Fv2%2Fmedia&parent=64"}],"curies":[{"name":"wp","href":"https:\/\/api.w.org\/{rel}","templated":true}]}}